e i(-7).
3
Let u(h) = -59*h**2 + 345*h + 6. Determine u(6).
-48
Let x(j) = -2*j**3 + 22*j**2 - 46*j - 21. Determine x(8).
-5
Let q(n) = -n**2 - 34*n + 34. Give q(-32).
98
Let u(a) = 40*a - 157. Determine u(3).
-37
Let q(i) = -9*i + 380. Determine q(52).
-88
Let d(j) = 6*j**2 + 24*j + 20. Give d(-1).
2
Let j(b) = 339*b - 9493. Determine j(28).
-1
Let f(q) = -q**3 - 9*q**2 - 155*q - 420. Calculate f(-3).
-9
Let d(q) = -q**3 - 45*q**2 - 126*q + 7. Determine d(-42).
7
Let z(r) = -42*r + 1555. Determine z(46).
-377
Let o(k) = -4*k**2 - 816*k + 3250. Give o(4).
-78
Let j(f) = 7*f**2 - 251*f + 18. Give j(36).
54
Let j(b) = 2*b**2 - 186*b + 4174. Give j(38).
-6
Let x(q) = 8*q - 39. Give x(6).
9
Let i(d) = -299*d + 66659. Calculate i(223).
-18
Let p(l) = 34*l + 28. What is p(2)?
96
Let r(z) = 128*z + 4. Determine r(0).
4
Let k(r) = r**3 - 42*r**2 + 27*r + 405. Calculate k(41).
-169
Let d(x) = -13*x**3 - 69*x**2 + 41*x + 262. Calculate d(-5).
-43
Let s(d) = -2*d**2 - 46*d - 231. Calculate s(-5).
-51
Let b(n) = -2*n**3 - 85*n**2 - 41*n + 121. Determine b(-42).
79
Let g(z) = -z**2 + 232*z - 12753. Give g(143).
-26
Let o(t) = -t**2 + 24*t + 24811. What is o(-146)?
-9
Let t(s) = 77*s**2 + 36*s - 34. Give t(1).
79
Let z(f) = -158*f - 5052. What is z(-32)?
4
Let q(s) = s**3 - 25*s**2 + 73*s - 1182. Determine q(24).
-6
Let v(b) = -1493*b - 4481. Calculate v(-3).
-2
Let n(l) = -3*l**3 + 6*l**2 + 25*l + 3. Determine n(5).
-97
Let t(l) = -4243*l + 25422. Determine t(6).
-36
Let f(g) = -2*g**3 - 9*g**2 + 3*g - 5. Give f(-3).
-41
Let x(h) = -5*h**2 + 88*h - 265. Give x(3).
-46
Let u(o) = -315*o + 888. Calculate u(3).
-57
Let x(f) = -f**3 + 9*f**2 + 15*f + 2. Determine x(9).
137
Let l(j) = -2*j**2 + 231*j + 1938. What is l(-8)?
-38
Let q(g) = 28*g - 9. Determine q(6).
159
Let p(a) = 37*a + 16. Give p(-4).
-132
Let m(p) = -5*p**2 + 58*p - 37. Calculate m(10).
43
Let i(z) = 10*z - 92. Give i(-4).
-132
Let q(b) = 2*b**2 + 1110*b - 2209. Give q(2).
19
Let i(v) = -v**3 - 32*v**2 - 161*v - 172. What is i(-26)?
-42
Let n(b) = -67*b**2 - 7640*b - 230. Determine n(-114).
-2
Let u(a) = -2*a**2 - 13*a + 852. Give u(-24).
12
Let q(j) = j**2 + 14*j + 20. Give q(-3).
-13
Let q(w) = -w**3 + 14*w**2 + 8*w - 247. Calculate q(13).
26
Let w(q) = -q**3 - 12*q**2 + 17*q + 377. Give w(-7).
13
Let s(x) = -x**3 + x**2 - 8*x + 41. Give s(0).
41
Let w(y) = 104*y - 89. Determine w(1).
15
Let n(h) = -18*h**2 - 12*h + 548. Calculate n(0).
548
Let z(a) = -11*a**2 - 26*a + 3. Determine z(-5).
-142
Let p(i) = 5*i**2 + 4*i - 25. Calculate p(0).
-25
Let a(q) = -q**2 - 55*q + 112. Give a(2).
-2
Let x(q) = -3*q**2 - 21*q - 96. Calculate x(-4).
-60
Let w(a) = 18*a + 251. Determine w(-17).
-55
Let h(f) = -105*f**2 + f + 3. Calculate h(2).
-415
Let j(k) = 48*k + 709. Calculate j(-15).
-11
Let m(y) = y**2 - 707*y - 2834. Give m(-4).
10
Let j(d) = -d**2 + 105*d - 1427. Give j(16).
-3
Let x(t) = -t**3 - 61*t**2 - 169*t + 214. Give x(-58).
-76
Let y(p) = -4*p**3 + 149*p**2 - 53*p + 584. What is y(37)?
-8
Let c(v) = 2*v**3 - 3*v**2 - v + 31. Determine c(4).
107
Let o(q) = 51*q + 10. Determine o(1).
61
Let d(k) = 10*k**2 + 153*k + 43. Determine d(-15).
-2
Let d(u) = -10*u**2 - 170*u. Give d(-5).
600
Let v(n) = -19*n**3 - 190*n**2 - 9*n - 15. What is v(-10)?
75
Let j(b) = -b**3 - 30*b**2 - 6*b + 158. What is j(-30)?
338
Let g(k) = -40*k + 2213. Give g(56).
-27
Let u(c) = 2*c**3 + 164*c**2 - 183*c - 1404. Determine u(-83).
7
Let q(a) = a**2 + 2*a + 22. Determine q(0).
22
Let g(n) = -3*n**3 - 4*n**2 - 7*n - 8. Calculate g(-3).
58
Let u(g) = -2*g**2 + 57*g - 103. Calculate u(27).
-22
Let v(y) = y**3 + 7*y**2 + 27*y + 42. What is v(-5)?
-43
Let q(j) = j**2 - 37*j + 287. Calculate q(11).
1
Let k(n) = -2*n**2 - 14*n + 134. Calculate k(6).
-22
Let y(p) = -135*p**3 + 5*p + 3. Calculate y(-1).
133
Let t(f) = 4*f**2 + 33*f + 41. Calculate t(-6).
-13
Let j(g) = g**3 + 4*g**2 - 192*g + 808. Give j(7).
3
Let n(q) = -8*q**2 + 140*q + 78. Give n(18).
6
Let k(w) = 4*w**2 + 4*w - 33. Calculate k(-8).
191
Let i(c) = 2*c**3 - 84*c**2 - 2. Determine i(42).
-2
Let d(f) = -10*f + 107. Calculate d(6).
47
Let s(y) = -y**2 + 55*y - 749. Calculate s(29).
5
Let m(q) = -3*q**3 - 5*q**2 + 11. Calculate m(-3).
47
Let d(b) = -b**2 + 1023*b + 3059. Determine d(-3).
-19
Let z(h) = -h**2 + 117*h + 104. What is z(118)?
-14
Let r(p) = 2*p**3 - 108*p**2 - 339*p - 33. What is r(57)?
138
Let i(d) = d**3 + d**2 + 3*d - 273. What is i(6)?
-3
Let l(y) = -16*y - 322. Calculate l(-11).
-146
Let k(l) = 134*l - 932. Determine k(7).
6
Let z(y) = 4*y**2 - 57*y - 26. Calculate z(10).
-196
Let c(i) = 26*i + 404. Calculate c(-15).
14
Let j(f) = -3*f**3 + 18*f**2 + 11*f - 35. Determine j(9).
-665
Let r(b) = -6*b**2 + 56*b - 54. Give r(1).
-4
Let c(p) = -p**3 + 44*p**2 + 52*p - 309. Determine c(45).
6
Let v(m) = -2*m**3 + 16*m**2 - m + 1. What is v(8)?
-7
Let u(r) = -r**2 + 37*r - 260. Calculate u(9).
-8
Let x(t) = t**3 + t**2 + 28*t + 29. Calculate x(0).
29
Let z(s) = s**3 + 9*s**2 - 16*s + 25. Calculate z(-12).
-215
Let n(f) = -f**3 - 180*f**2 - 5893*f - 274. Give n(-137).
0
Let h(k) = 7*k + 64. Determine h(-8).
8
Let p(m) = 11*m**2 - 56*m - 60. What is p(6)?
0
Let a(n) = -39*n**2 + 363*n - 139. What is a(9)?
-31
Let g(q) = 5*q**2 - 7*q - 91. Calculate g(-7).
203
Let f(x) = 2*x**2 + 40*x - 287. Give f(6).
25
Let c(r) = 2*r**2 - 97*r - 173. Calculate c(50).
-23
Let u(c) = c**3 + 7*c**2 - 222*c - 1718. What is u(-8)?
-6
Let g(b) = b**2 - 4*b - 31. Calculate g(10).
29
Let i(u) = u**2 + 3883*u - 46741. Calculate i(12).
-1
Let f(h) = 7*h**2 - 144*h - 43. Determine f(21).
20
Let p(j) = 8*j**2 + 351*j - 582. What is p(-45)?
-177
Let q(s) = 170*s - 1017. What is q(6)?
3
Let z(x) = -30*x + 610. Calculate z(15).
160
Let d(n) = 6*n**2 - 95*n - 4. Give d(15).
-79
Let g(m) = -m**2 + 3*m + 30. Give g(7).
2
Let q(v) = -3*v**2 + 56*v - 80. Calculate q(17).
5
Let d(s) = -s**2 + 59*s - 230. Calculate d(53).
88
Let b(g) = g**2 - 29*g - 349. Determine b(38).
-7
Let y(r) = 186*r + 624. Calculate y(-6).
-492
Let y(a) = 27*a + 54. Give y(-1).
27
Let f(z) = 2265*z + 86. Calculate f(0).
86
Let y(v) = -10*v + 1125. What is y(112)?
5
Let q(o) = 5*o**2 + 2*o - 3. What is q(-2)?
13
Let p(w) = -w**3 - 209*w**2 - 263*w - 11407. What is p(-208)?
33
Let t(d) = -20*d + 196. What is t(12)?
-44
Let u(q) = -q**3 + 15*q**2 - 169*q + 2184. What is u(14)?
14
Let c(p) = -p**2 + 81*p - 1811. What is c(44)?
-183
Let z(t) = 7*t**3 + 4*t**2 - 20*t - 46. Give z(-2).
-46
Let i(p) = -356*p - 5010. Determine i(-14).
-26
Let m(o) = o**3 - 18*o**2 + 11*o + 31. Give m(17).
-71
Let d(r) = -232*r + 1787. Calculate d(9).
-301
Let r(w) = 4*w**2 - 13*w - 20. Calculate r(5).
15
Let o(z) = -3*z**2 + 14*z + 25. Determine o(10).
-135
Let v(y) = 149*y + 2695. What is v(-18)?
13
Let y(o) = 2*o**3 + 8*o**2 - 20*o - 54. What is y(-2)?
2
Let c(j) = -2*j**3 + 2*j**2 + 1. What is c(2)?
-7
Let g(o) = 81*o**2 - 1136*o + 28. What is g(14)?
0
Let h(i) = 2*i**3 + 62*i**2 + 12*i + 369. Determine h(-31).
-3
Let y(l) = 322*l - 1291. Determine y(4).
-3
Let t(u) = 2*u**2 - 605*u - 14235. Calculate t(-22).
43
Let i(h) = h**3 + 3*h**2 - 2*h - 10. Determine i(4).
94
Let m(x) = -x**3 - 6*x**2 + 41*x + 104. Determine m(-11).
258
Let z(h) = -17*h + 1180. Calculate z(69).
7
Let q(p) = 489*p - 6406. Give q(13).
-49
Let q(v) = 2*v**3 + 226*v**2 + 221*v - 205. Determine q(-112).
131
Let v(r) = -52*r - 886. Determine v(-17).
-2
Let l(m) = -2*m**2 - 25*m + 27. Give l(-12).
39
Let l(w) = 99*w + 17. Calculate l(-3).
-280
Let a(q) = -96*q + 160. What is a(2)?
-32
Let v(d) = 16*d + 102. Calculate v(-9).
-42
Let b(h) = -h**3 - 9*h**2 - 7*h + 10. Give b(-3).
-23
Let h(u) = 2931*u - 55683. Calculate h(19).
6
Let f(q) = q**3 + 3*q**2 - 28*q - 75. Calculate f(-6).
-15
Let q(m) = -m**3 - 16*m**2 - 10*m - 158. Give q(-16).
2
Let k(x) = 141*x + 1465. Determine k(-10).
55
Let w(v) = -4636*v + 27815. Give w(6).
-1
Let n(y) = y**3 + 28*y**2 + 67*y - 200. Give n(-25).
0
Let k(a) = 8*a**2 + 7*a - 20. What is k(-7)?
323
Let w(s) = s**3 - 10*s**2 + 112*s - 1631. Give w(12).
1
Let d(h) = 3*h**3 + 75*h**2 - 76*h + 61. Determine d(-26).
9
Let k(n) = -n**2 + 9*n - 20. Calculate k(11).
-42
Let z(g) = 132*g - 519. What is z(4)?
9
Let y(l) = -l**3 + 67*l**2 - 738*l - 21